01961 composite?
False
Is 54972632483 composite?
False
Is 1062391679 a prime number?
False
Is 1140434489 a composite number?
True
Is 14115475951 prime?
True
Is 1375444927 a prime number?
False
Is 177155897 composite?
True
Is 198851426327 a prime number?
True
Is 45657759353 prime?
True
Is 466509011 a composite number?
False
Is 1522015699 composite?
True
Is 10944916547 a prime number?
False
Is 28153909209 a prime number?
False
Is 200688623 prime?
True
Is 110945957 a prime number?
False
Is 151169803049 a composite number?
False
Is 42575501791 a composite number?
False
Is 6389476957 composite?
True
Is 9579000023 a prime number?
False
Is 2774844529 composite?
False
Is 8574868061 composite?
False
Is 2869866599 prime?
False
Is 2477179931 a prime number?
True
Is 31041368669 a composite number?
False
Is 21931624397 prime?
True
Is 19153914011 a composite number?
True
Is 75710385659 composite?
False
Is 16746422059 composite?
True
Is 70921075882 a prime number?
False
Is 1261931687 prime?
True
Is 23464565591 a prime number?
False
Is 87297253 a composite number?
True
Is 5306577281 a prime number?
True
Is 672893027 prime?
True
Is 895060541 a prime number?
True
Is 41015418133 prime?
True
Is 53066132401 composite?
False
Is 20257233431 a prime number?
False
Is 14906466277 a prime number?
False
Is 7203927011 a composite number?
False
Is 186211289467 prime?
False
Is 2277237983 composite?
False
Is 2157657497 composite?
False
Is 7443869887 prime?
True
Is 1408831423 prime?
True
Is 227289683 a prime number?
False
Is 32237269511 composite?
False
Is 23342467997 a prime number?
False
Is 94254369341 a composite number?
True
Is 16100615023 a prime number?
True
Is 33350987161 a prime number?
True
Is 1357480559 prime?
True
Is 6482944063 a prime number?
False
Is 582770449 a composite number?
False
Is 4439213773 a prime number?
False
Is 16709989 a prime number?
True
Is 11863908841 a prime number?
True
Is 8020868873 a prime number?
True
Is 2185106341 composite?
True
Is 8485720339 prime?
True
Is 4549874249 a prime number?
False
Is 3768083339 a composite number?
False
Is 5451803941 a composite number?
True
Is 1918357703 prime?
True
Is 6747293109 a prime number?
False
Is 114532909 prime?
True
Is 19310147909 a prime number?
False
Is 901418747 a composite number?
True
Is 18497274001 a composite number?
False
Is 79774556861 a prime number?
True
Is 18137066798 a prime number?
False
Is 3315370111 a composite number?
False
Is 3166026767 a composite number?
True
Is 1011728873 prime?
False
Is 6331647923 a prime number?
False
Is 13578781217 prime?
True
Is 53549888341 a composite number?
True
Is 3660323617 prime?
True
Is 243743711 a composite number?
True
Is 990028443 prime?
False
Is 146773163 a prime number?
False
Is 109631161 prime?
True
Is 1117513973 a prime number?
True
Is 8377318051 prime?
False
Is 58163464713 a prime number?
False
Is 171590399 composite?
False
Is 6096195463 composite?
True
Is 17813333 a prime number?
True
Is 12979760854 composite?
True
Is 337119583 prime?
True
Is 49991920607 a composite number?
True
Is 785140637 a prime number?
True
Is 302208221401 a composite number?
True
Is 603780113 prime?
False
Is 2877154031 prime?
True
Is 141692533 composite?
True
Is 4571787989 a composite number?
True
Is 68780809 prime?
True
Is 6127846201 a composite number?
True
Is 5958040754 prime?
False
Is 680262763 prime?
True
Is 20400325313 a prime number?
True
Is 107321341 a composite number?
False
Is 354476029 prime?
False
Is 461307185 prime?
False
Is 583378339 composite?
False
Is 305090374709 a prime number?
False
Is 18275023457 composite?
True
Is 1030674259 composite?
False
Is 1505700293 prime?
False
Is 6785691779 a composite number?
False
Is 39906421 a composite number?
False
Is 228911443 prime?
False
Is 36875866879 prime?
True
Is 6418369211 prime?
True
Is 26751226823 a prime number?
True
Is 221637173 prime?
False
Is 488529757 a composite number?
True
Is 268920517 a prime number?
False
Is 724786427 a composite number?
False
Is 11127522119 a prime number?
False
Is 824910563 composite?
True
Is 10803670397 a composite number?
True
Is 10723737223 a composite number?
False
Is 358760652689 composite?
False
Is 1047807821 a composite number?
True
Is 3030275083 composite?
True
Is 217824722663 composite?
False
Is 180743077 a prime number?
False
Is 23212162469 a composite number?
True
Is 5693143403 prime?
False
Is 8199522419 a composite number?
True
Is 30949062491 composite?
False
Is 5037488537 composite?
False
Is 10111373513 a composite number?
False
Is 20643580907 a composite number?
False
Is 280767973 a prime number?
True
Is 8464088851 composite?
True
Is 87619803 prime?
False
Is 1749153481 a prime number?
True
Is 851503439 prime?
True
Is 1321204253 a composite number?
True
Is 3960101059 a composite number?
False
Is 31983874417 prime?
False
Is 4506735601 composite?
False
Is 10623725647 composite?
True
Is 720773093 prime?
False
Is 8125139969 a composite number?
False
Is 67684688147 prime?
False
Is 360483275909 composite?
True
Is 496794497 a prime number?
False
Is 4773492389 composite?
False
Is 76901768807 a prime number?
True
Is 12344044117 prime?
False
Is 1262897443 prime?
True
Is 3408422117 prime?
False
Is 3716124059 composite?
True
Is 226056859 a composite number?
True
Is 14546229941 composite?
False
Is 91334032549 a composite number?
True
Is 2102416091 a composite number?
True
Is 225767247 prime?
False
Is 20958109283 a composite number?
False
Is 6953036059 composite?
True
Is 2179567447 a composite number?
True
Is 475240631 a composite number?
True
Is 156586099763 prime?
False
Is 1231259657 a composite number?
False
Is 33808590971 composite?
False
Is 3845701961 composite?
False
Is 100487879 composite?
False
Is 505354307 a prime number?
False
Is 9622549 prime?
True
Is 6970503091 prime?
False
Is 12240983707 composite?
False
Is 7825882403 composite?
True
Is 408177787 a prime number?
True
Is 647997241 a prime number?
False
Is 11471514671 a prime number?
True
Is 5495591291 a composite number?
True
Is 3385433753 composite?
True
Is 14955179227 prime?
True
Is 253464977 a prime number?
False
Is 2501116753 a prime number?
False
Is 130679735507 a prime number?
True
Is 6404987 prime?
True
Is 6402826981 a composite number?
False
Is 689587753 a composite number?
True
Is 4560968999 a prime number?
False
Is 2338377617 a prime number?
False
Is 58729127917 a prime number?
False
Is 351943561 prime?
True
Is 1260758231 prime?
False
Is 16702943113 composite?
False
Is 87317773 a composite number?
False
Is 15899103323 composite?
False
Is 55877589263 prime?
True
Is 457117229 a composite number?
False
Is 1926916639 a prime number?
False
Is 4423037273 a composite number?
True
Is 4998975013 a prime number?
True
Is 330602171 a composite number?
False
Is 5338415377 a composite number?
True
Is 9627304513 a prime number?
True
Is 3070057051 composite?
True
Is 6546594451 prime?
True
Is 72960359957 prime?
True
Is 75779903761 a prime number?
False
Is 12038035183 a prime number?
True
Is 3535820623 prime?
False
Is 759215669 a composite number?
True
Is 182385767 a composite number?
False
Is 9369102191 composite?
True
Is 284198261 a composite number?
False
Is 38712020497 a prime number?
False
Is 778426081 a prime number?
True
Is 15323063737 a composite number?
True
Is 82238162 composite?
True
Is 571900937 composite?
False
Is 21950273471 a prime number?
False
Is 111977669 a composite number?
True
Is 3813917453 prime?
True
Is 412849061 a prime number?
True
Is 421452191 composite?
False
Is 59807285683 a prime number?
True
Is 14701957093 prime?
False
Is 43879945921 a prime number?
False
Is 641270519 composite?
True
Is 1446856019 composite?
True
Is 8491890079 composite?
False
Is 17262720589 composite?
True
Is 429425209 a composite number?
False
Is 1978972069 a composite number?
True
Is 3099581339 composite?
True
Is 32767932083 a composite number?
False
Is 26192984189 a prime number?
True
Is 24106115441 a prime number?
True
Is 623562271 a composite number?
False
Is 3932982931 a prime number?
True
Is 9094113979 a composite number?
True
Is 15891595757 composite?
False
Is 350178817 composite?
True
Is 165040434887 composite?
True
Is 5377422307 a prime number?
True
Is 5220095761 prime?
False
Is 21052165049 composite?
False
Is 2153659428